-12322233 + -233?
-12323132
In base 8, what is 16 - -6221215?
6221233
In base 9, what is 47187002 - -1?
47187003
In base 5, what is -3 - -1112130212?
1112130204
In base 3, what is 10101212211 - 121112?
10101021022
In base 10, what is 3374306 + -25?
3374281
In base 14, what is -7d7ac + -4?
-7d7b2
In base 9, what is -1 + 11015602?
11015601
In base 2, what is 110 + 110001010111001000011000011?
110001010111001000011001001
In base 10, what is 3 + -2437948?
-2437945
In base 16, what is 136a + 2c2?
162c
In base 15, what is -946d5e - -9?
-946d55
In base 9, what is 457 + 7770?
8337
In base 7, what is 1406 + -30454?
-26045
In base 16, what is -4 + 23abba?
23abb6
In base 4, what is 10122021030 - -101?
10122021131
In base 5, what is -10400303323 + -1?
-10400303324
In base 11, what is -2417121 - 3?
-2417124
In base 14, what is -2a25 - 5808?
-842d
In base 9, what is -4 + 103865130?
103865125
In base 15, what is -2d7 - -6b299?
6aeb2
In base 16, what is -4e - 3202fe?
-32034c
In base 2, what is -10011100101001111000001000 - 11?
-10011100101001111000001011
In base 5, what is 3041 - 2122411?
-2114320
In base 3, what is 2102002 - -202220121?
212022200
In base 7, what is -51026343 - -3?
-51026340
In base 15, what is -2 + -bdcb8?
-bdcba
In base 3, what is -10 - -22002021212211?
22002021212201
In base 9, what is 77184 + 253?
77447
In base 9, what is 238 - 51807?
-51558
In base 7, what is 44403 - 6402?
35001
In base 15, what is 3 - 3a0e6ce?
-3a0e6cb
In base 8, what is 275563 + 0?
275563
In base 16, what is 5a8e24 - -5?
5a8e29
In base 6, what is -230131441 + 2?
-230131435
In base 13, what is -18c + 2bcc8?
2bb39
In base 3, what is -11110220012 - 20110?
-11111010122
In base 2, what is -11010011001101001111011 + 101?
-11010011001101001110110
In base 14, what is -5555a + 41b?
-5513d
In base 2, what is 101100 - 101000011110000110111?
-101000011110000001011
In base 3, what is 102 + 2212000212111?
2212000212220
In base 13, what is -9c + -83c9?
-8498
In base 4, what is 322022221 - -11220?
322100101
In base 11, what is -154863 + 4a2?
-154371
In base 2, what is 110111011110 + -101101100110?
1001111000
In base 16, what is -3bbf28 - 56?
-3bbf7e
In base 4, what is -32 + -3230031232?
-3230031330
In base 4, what is 311 + -323132020022?
-323132013111
In base 16, what is 17d473a - 10?
17d472a
In base 14, what is 395a7819 + 5?
395a7820
In base 13, what is -1bb36c4 + -3?
-1bb36c7
In base 4, what is 212112001033 - -2?
212112001101
In base 5, what is -232234 + 101110?
-131124
In base 2, what is -11001110001000111001111 + -100?
-11001110001000111010011
In base 9, what is 15755338 - -5?
15755344
In base 3, what is -2111200110021202 - -10?
-2111200110021122
In base 10, what is 43 - 571205?
-571162
In base 16, what is -b3c64 - 5?
-b3c69
In base 13, what is -547 + 100158?
cc911
In base 10, what is -7 - 5700140?
-5700147
In base 13, what is a1 - -2702?
27a3
In base 5, what is 3 + -344341430022?
-344341430014
In base 13, what is -19a0 + 27276?
255a6
In base 4, what is -12133120311123 + -10?
-12133120311133
In base 2, what is 10010100111110101010101 - -1110001?
10010100111110111000110
In base 3, what is -11111020022220220201 + 1?
-11111020022220220200
In base 12, what is 44 - -37b695?
37b719
In base 9, what is -264468454 + -1?
-264468455
In base 3, what is -10 - -2110002011000211?
2110002011000201
In base 6, what is 103025 - -101553?
205022
In base 15, what is b954a2 - -5?
b954a7
In base 13, what is -7 - -49142c?
491425
In base 10, what is -338969 + 205?
-338764
In base 3, what is -11001222100 - 22100012?
-11101022112
In base 5, what is -2312210242214 - 3?
-2312210242222
In base 12, what is 751957 - 22?
751935
In base 13, what is 43728983 - 0?
43728983
In base 5, what is 22 + -412200042?
-412200020
In base 2, what is 10 + 1001000010110001101000101?
1001000010110001101000111
In base 13, what is 1290c - 309?
12603
In base 9, what is 1561 - 52815?
-51244
In base 16, what is -261 - 61765?
-619c6
In base 3, what is -1120122001211 + 102020?
-1120121122121
In base 14, what is 53c166 - -a?
53c172
In base 4, what is 32231 - 10021121?
-3322230
In base 2, what is 11 - 111100101111111010001111?
-111100101111111010001100
In base 4, what is 130021133020 - -12?
130021133032
In base 14, what is 15b22040 - 2?
15b2203c
In base 12, what is -4476 - 15?
-448b
In base 12, what is 4 - -25581?
25585
In base 13, what is -2046a0 - -3?
-20469a
In base 12, what is -2186 + -b877?
-11a41
In base 11, what is 3 - -6a5081?
6a5084
In base 5, what is -201340 + 20343?
-130442
In base 15, what is 7bc5 + -16a9?
651b
In base 6, what is -3 + -101532333?
-101532340
In base 3, what is 102102001011 + -102121?
102101121120
In base 10, what is -2008152 - -34?
-2008118
In base 15, what is 3e6 + -26a6?
-22b0
In base 15, what is 1c39 - 7d7?
1452
In base 6, what is -2 - 10224555244?
-10224555250
In base 6, what is -5050 - -10123?
1033
In base 2, what is -100110101010100110110 - 110?
-100110101010100111100
In base 16, what is 3 + d812f?
d8132
In base 4, what is -1120023331313103 + -11?
-1120023331313120
In base 5, what is -1133101 - 40400?
-1224001
In base 2, what is 10010101011111 + 11000000101010010?
11010011010110001
In base 6, what is -304145 - 2514?
-311103
In base 7, what is -1126145462 - 15?
-1126145510
In base 15, what is 1197e - -736?
121b5
In base 4, what is 111 - 222321221101?
-222321220330
In base 15, what is -b19b17 - -1?
-b19b16
In base 5, what is 10 + -243032231313?
-243032231303
In base 14, what is -29 + -146c063?
-146c08c
In base 4, what is -1 - 11111122020?
-11111122021
In base 5, what is -244312042 - 1100?
-244313142
In base 5, what is 22344124343 - -2?
22344124400
In base 14, what is -5d + d7771?
d7712
In base 10, what is 11 - 36725325?
-36725314
In base 6, what is 21 - 14100023?
-14100002
In base 15, what is -296779 - -3?
-296776
In base 2, what is 10001011100100110001001000001 - -101?
10001011100100110001001000110
In base 8, what is 3413564 - -22?
3413606
In base 8, what is -203007 - -62005?
-121002
In base 4, what is 113213322 - -103?
113220031
In base 10, what is -157 + -44428?
-44585
In base 9, what is 35367552 + 7?
35367560
In base 14, what is -1a46837 - -28?
-1a4680d
In base 11, what is 4a3561131 + -5?
4a3561127
In base 3, what is 211010002102022 - 110?
211010002101212
In base 11, what is -57 - 5601a?
-56076
In base 12, what is -1821 + ab41?
9320
In base 2, what is 1001 + -11010000100011001011101?
-11010000100011001010100
In base 11, what is -77 + 62304?
62238
In base 14, what is -586 + 1a13?
146b
In base 10, what is 5 + 2073378?
2073383
In base 11, what is 1 - 1104778?
-1104777
In base 12, what is -69a7 + 4832?
-2175
In base 4, what is 111 + 12010131000?
12010131111
In base 8, what is 1331747323 + -2?
1331747321
In base 12, what is 16a941 + -25?
16a918
In base 4, what is -2133022 + 132311011?
130111323
In base 10, what is 249 - -333006?
333255
In base 10, what is 835548 - -44?
835592
In base 15, what is -2e5c6ac2 + 5?
-2e5c6abc
In base 2, what is 10100111011110101110110 - 101?
10100111011110101110001
In base 9, what is 30 - -4560180?
4560220
In base 15, what is -19a7d - -5de?
-1948e
In base 4, what is -1312012021021 - 3?
-1312012021030
In base 5, what is 4132130210 + -2?
4132130203
In base 16, what is -7029a5 + 4c?
-702959
In base 10, what is -3358 - 43512?
-46870
In base 6, what is 35 - -251241132?
251241211
In base 13, what is 1b792904 - -3?
1b792907
In base 10, what is 14410 - -5?
14415
In base 5, what is 22302024 - 3412?
22243112
In base 10, what is 334 - -2753?
3087
In base 6, what is 4204 - -322345?
330553
In base 9, what is -8 + -10274667?
-10274676
In base 11, what is -41223a4 - -33?
-4122371
In base 8, what is -21566616 + -1?
-21566617
In base 4, what is 10 - 20330221331?
-20330221321
In base 16, what is 1b01c90 + 4?
1b01c94
In base 8, what is -17671 - -153416?
133525
In base 2, what is 10101011 - 10011011110000011011?
-10011011101101110000
In base 14, what is 465c5 - -4?
465c9
In base 15, what is -8 + 30555d?
305555
In base 12, what is -4008b + 164?
-3bb27
In base 5, what is 332034243 + -24?
332034214
In base 15, what is 857 - c8da?
-c083
In base 15, what is -37d - -17e0b?
17a7d
In base 11, what is 5 + -19a74a24?
-19a74a1a
In base 12, what is -b8 + -9b4ab?
-9b5a7
In base 2, what is 100 + -10101010110101